 -14.
11
What is (0 - ((-8 - (-6 - -12)) + 5)) + 3?
12
-14 + (9 - 10) + 5 + (9 - 4)
-5
Evaluate -2 + -3 + -2 + 181 + -159.
15
Evaluate -2 + 13 + (26 - 4) + -31.
2
Calculate 19 - ((32 - 14) + 21).
-20
Calculate (20 - (17 + 5)) + -6 + -3 + -1.
-12
Evaluate 4 + 5 + 27 + -22 + -1 + 2.
15
What is 20 - (-37 + -27 + 88)?
-4
What is (7 - (-14 + 3)) + -4 - (0 + 3)?
11
What is -14 - (9 + -5 + 20)?
-38
Calculate 31 + -24 - (-5 + 15).
-3
Calculate 517 + -521 + (-13 - 2).
-19
Calculate 7 + (2 + (-5 - -3) + -6 - 18).
-17
What is -593 + 566 + 1 + 15?
-11
What is -20 + (-39 - -24) + 4 + -2 + -1?
-34
1 + (19 - 47 - -58)
31
What is the value of -11 + -1 + 1 + 1?
-10
13 + -23 + 18 + 6
14
Evaluate (-1 - (-10 - -3)) + (-42 + 90 - 72).
-18
Calculate -10 - (-9 + 1 + 13 - 9).
-6
-5 + -6 - (-27 - -19)
-3
(20 + -30 - (3 + -7)) + -2 + -2
-10
Evaluate -1 + 4 - 12 - (21 + (-17 - -5)).
-18
Evaluate 5 - 15 - (6 + -1 + (17 - 16)).
-16
What is (-36 + 110 - 43) + -1 + 2 + -2?
30
Calculate 8 - (1 - 6 - (13 + -17) - -2).
7
What is 11 - (11 + 2 - (3 - -6))?
7
What is the value of -11 + -3 - (8 + -25)?
3
Evaluate (-15 - -33 - -6) + (8 - (0 + 0)).
32
Calculate 26 - (27 + (-9 - 6)).
14
33 + -8 + -30 - (0 - 0 - 14)
9
Evaluate 6 + 1 + -37 - -9 - (-10 + 3).
-14
-5 + 12 - -3 - (19 + -13)
4
Evaluate 13 - ((-49 - -27) + 30).
5
What is the value of -2 - (-2 - 7) - (-12 + 76 + -26)?
-31
Calculate -5 - (19 + -4 + -4).
-16
What is the value of (934 - 896) + (-2 + -9 - 2)?
25
(-26 - (21 + -51) - (-3 - 0)) + -33
-26
Calculate 6 - (-45 - -33) - 38.
-20
15 - ((-21 - -29) + -9)
16
3 - 12 - (6 + -32 + 8 + 0)
9
Evaluate 21 - (13 - 1) - 5.
4
What is the value of -18 - ((3 - 0) + 88 + -87)?
-22
What is (-20 - 18 - -15 - (-11 - -2)) + 5?
-9
Evaluate 33 - (7 - (-16 + 6)).
16
What is the value of 1 - (11 + 1 - (-34 + (3 - -32)))?
-10
What is the value of -24 + 16 + 1 + 1 + 8?
2
Evaluate (-2 - -1) + 6 + -3 + (5 - -5).
12
Evaluate 14 + -10 + 9 + -2.
11
What is the value of -13 - ((-2 + 5 - 0) + -3)?
-13
What is the value of 5 + 7 + -2 + -1 - (1 + 20)?
-12
What is 2 + (5 - (9 + -4) - 1 - -1)?
2
(-14 - (-30 - (-5 + 12))) + -7
16
Calculate -11 - ((13 - 15) + 1 + (6 - 4)).
-12
Evaluate (-10 + 13 - (2 + 3)) + (34 - 4).
28
-7 + 11 + (33 - 36)
1
Evaluate (2 - (14 + -9)) + -1 + -1.
-5
Calculate -76 + 69 - (2 - (3 + -20)).
-26
What is -8 + (-8 - (15 + -22))?
-9
What is the value of 2 + -1 - 3 - (5 + 0 - 18)?
11
What is the value of 6 - (-14 + 15 + -10 + (5 - -14))?
-4
Calculate 24 + (-4 - 10) + 19 + -9.
20
What is -5 + (-6 - -13 - 9 - -6)?
-1
(5 - (-10 + 7)) + (-1 - (7 - -17))
-17
What is 1 + (7 - (-10 + 29)) + (0 - -7)?
-4
Calculate -1 + 5 + -1 + -13 + -19 - -8.
-21
What is 14 + (-11 - (-30 - -11) - 12)?
10
Calculate -39 + (1 - -35) - (-1 - -3).
-5
Calculate -4 + (11 - 8) + (-5 - -19).
13
Evaluate (-13 - (-4 - 3)) + (1 - 3).
-8
What is the value of 4 - 5 - (26 + -19 - -15)?
-23
Evaluate 3 - 42 - (-9 + -15 + 17).
-32
Calculate 14 + -13 + -15 + 12 + -2.
-4
Evaluate (-1 - 2 - -5) + -3 - (3 + -2).
-2
What is -3 + 0 - (-15 + (21 - 24))?
15
What is -2 + 1 - 7 - (72 + 65 + -160)?
15
Calculate 45 + -52 + (-1 - 1) + 30 + 8.
29
What is the value of 7 + 15 + 5 + -7 + -2?
18
What is the value of (2 - 1) + 14 + -22 + (-5 - -1)?
-11
-1 + 13 + -12 + -10 + 1 + 17
8
What is the value of 1 + 3 + (372 - 357)?
19
What is the value of 18 + 38 + (-23 - -1)?
34
Calculate (22 + -11 - 39) + 9 + 5.
-14
Calculate 4 + -12 + -16 + 13.
-11
Evaluate 15 + -33 + -22 - -22.
-18
Evaluate 72 - 13 - (-21 + 53).
27
What is the value of 3 + -3 + -1 - (-2 + 2 + -4)?
3
Evaluate (-19 - -24 - 12) + -1 + -1 + -2.
-11
28 - 19 - 9 - (1 - (19 + 0))
18
What is 16 + -31 + 15 + 0 + 4?
4
3 + -1 - (0 + -11 + 13 - 5)
5
Evaluate -14 + 9 + 4 + 14 + 12.
25
Calculate -39 + 45 - (2 + (-9 + 3 - -2)).
8
What is the value of 15 - (-14 + 11 + 11)?
7
What is the value of (3 - (2 - 2)) + (-26 - -21)?
-2
What is 3 - ((-14 - 5) + 25)?
-3
0 - (-1 + -11 - (-1 + -7)) - -13
17
Evaluate 7 - 2 - ((-10 - 3) + -4 + 11).
11
What is (-132 - -142) + (4 - 1) + -5 - -12?
20
What is the value of -3 + -5 + 7 + 1 + -7 - 6?
-13
What is (7 - ((19 - 15) + -35)) + -18?
20
Calculate -82 + 77 + (9 - 9).
-5
Calculate 43 + -15 + -14 + -15.
-1
Calculate (-11 - 2) + (66 - 52).
1
Evaluate 5 - -2 - -1 - (-41 + 43 + -5).
11
Evaluate -7 - 3 - -21 - 1 - -16.
26
33 + (-22 - -33) + -37
7
What is -34 + 25 + 20 + -30?
-19
Evaluate (-1 - 1) + (3 + 10 + -2 - 22).
-13
Evaluate 7 - (-3 + (-7 - -7)).
10
What is the value of 2 + (4 + 25 - 9)?
22
(-7 + -25 - -22) + (-2 - (-40 + 2))
26
24 - (-11 + (-16 - -29))
22
What is (58 - 42) + -21 + (0 - -11 - 1)?
5
What is (8 + (-20 - -7) - -5) + -23 - -8?
-15
4 + 6 + -5 + 3 + 35 + -41
2
(-10 - -7) + 3 + 6 + -2
4
What is 6 - (1 + 28 + -3 - (-127 - -121))?
-26
Evaluate 2 + -24 - (-14 - (4 + 9 + -23)).
-18
Calculate -9 + 16 + -9 + -6.
-8
What is 2 + -6 + 6 + 5 + (-2 - 7)?
-2
What is (1 - 29) + (30 - 15 - 19) + 11?
-21
14 + (-7 - 12) + -4
-9
What is 18 - (-5 - (-4 + 8)) - 10?
17
13 + -9 + -17 + (-2 - -4) + -8
-19
What is the value of -74 + 73 - (-1 + (3 - 20) - -3)?
14
What is (10 - (30 - 10)) + -10 + -1 + -4?
-25
(42 - 36) + (3 - 24 - 6)
-21
(3 - (-1 + 11 + 1)) + (-16 - -17)
-7
-7 + 14 + (2 - (-2 + 5)) - 4
2
Evaluate -95 + 101 - (-17 + 3).
20
Calculate -6 - (-2 - -2 - (-22 + 29)).
1
What is (16 - 18) + 5 + 5 + -8?
0
What is the value of (15 - (7 + 15)) + -5?
-12
Evaluate -78 - -83 - (-10 + 2).
13
Calculate (0 - 7) + 32 - (5 - -3).
17
What is the value of 82 + -79 + (-4 - (0 + 5 + -3))?
-3
What is 82 - 68 - (-1 + 3)?
12
Calculate 11 + -9 - 2 - (-10 - -8) - 3.
-1
Calculate 6 - (3 - -9) - 7 - 10.
-23
12 - (1 - -17 - (60 - 54))
0
What is 4 + (5 - (29 + -13)) + 5?
-2
What is the value of (-3 - 11) + 11 + (-27 - -37)?
7
(15 - (2 - -1)) + -2 + (1 - 2)
9
Calculate -12 - -2 - (0 + -31 - (-9 + 3)).
15
What is (6 - (2 + (-5 - (4 - 6)))) + -40?
-33
Evaluate -9 - -1 - ((-9 - -18) + -14) - 2.
-5
What is the value of (1 - 31) + 784 + -754?
0
Calculate -1 + -4 + -1 + -712 + 705.
-13
4 + 2 - (-34 - (3 + -28))
15
Calculate 3 + 1 + (276 - 270).
10
(4 - 3) + -7 + (-657 - -634)
-29
Evaluate -13 - -9 - (4 + (1 - 1) + -3).
-5
What is ((0 - -6) + (-38 - -28) - -1) + -6?
-9
What is 9 - 20 - ((0 - 2) + (2 - 1))?
-10
What is 37 + 5 + 2 + -24?
20
-2 + -21 + 11 + 1 + -14
-25
What is the value of (7 - 10 - 30) + 14?
-19
(8 - 5) + -12 + -7 + 46 + -13
17
3 - (-8 + 4) - (-17 + 37)
-13
Evaluate (-4 + -12 - -19) + -1 + 9.
11
Calculate (4 - 2) + (3 - (4 + 3)) - -15.
13
Calculate 31 + (-19 + -28 - 2).
-18
What is -1 + 7 + (-14 - -17 - (0 - -10))?
-1
What is the value of (2 - (5 - -9)) + (-12 - 3)?
-27
Evaluate (8 - (0 + 9) - 1) + 1 + 4.
3
Evaluate 7 - (-11 + 28) - (6 + -2 + -1).
-13
Evaluate -18 - (-8 + 0 - (-7 - (-1 - 2))).
-14
What is the value of (15 + -2 - (21 + -16)) + 3 - -2?
13
What is -8 - (10 + -17 + (-1 - -5 - 2))?
-3
Evaluate (1 - 1 - 1 - 6) + 106 + -105.
-6
What is the value of (8 - (1 + 0)) + (128 - 134) + 10?
11
Calculate 3 + (8 - 2 - -8).
17
Evaluate -22 + (-8 - -1) + 6 + 4.
-19
Calculate (-12 - (26 + -82)) + -14.
30
(69 - 52) + -2 + (-5 - -5) + 5
20
(14 - (-2 - 1)) + 5 + -14 + 10
18
What is 6 + (0 - -4) + (-109 - -119)?
20
Evaluate (43 - 119) + 42 - -17.
-17
Calculate (-21 - -31) + -2 + 0 + 5 + 2.
15
Evaluate 807 + -801 - (-2 + (33 - -3)).
-28
What is 30 + -54 + (43 - 3)?
16
Evaluate -4 + (-30 - -42) + -3 + 2 + -2.
5
What is the value of -9 + (18 - -2) - (-2 + (-4 - -31))?
-14
What is 10 + (-19 - (3 - 9)) + 8?
5
5 + 0 + 1 + 31 + -21
16
(-193 - -189) + (34 - (1 + -4))
33
Evaluate -5 + -4 + 3 - (3 + -2 + 3).
-10
What is the value of 15 - 11 - (0 + 6) - 0 - -15?
13
10 + -1 - (-1 + 9)
1
-2 + -3 - (0 + (-7 - -1)) - -7
8
What is -8 - (-24 - (24 + -37))?
3
Calculate 6 - (-61 + 61 - (-1 + -1 + -3)).
1
What is the value of 6 - (-8 - -20 - 12) - 1?
5
Evaluate 5 + -7 + (-13 - (3 - 11)).
-7
What is the value of -9 - (-5 + -6) - (-3 + 10)?
-5
What is 15 - 40 - -13 - -25?
13
What is the value of 29 + -52 + 1 + 2 + 3?
-17
Calculate 1 + -3 - (-1 - (-13 - -28)).
14
Calculate 0 + 6 - (0 + -7 + 10).
3
Evaluate 12 + -17 - (-2 - 15) - 13.
-1
Evaluate 6 + -8 + 4 + 17 + -41.
-22
Calculate 5 - (-10 - 0) - (4 - -1).
10
What is (7 - (33 - 16)) + 16?
6
Calculate 9 + -16 - -8 - (-1 - -2) - 4.
-4
Calculate (-2 - -10) + -234 + 